{"id":2,"date":"2020-10-20T11:21:07","date_gmt":"2020-10-20T11:21:07","guid":{"rendered":"http:\/\/myyalova.com\/site\/?page_id=2"},"modified":"2025-04-01T16:31:56","modified_gmt":"2025-04-01T13:31:56","slug":"iletisim","status":"publish","type":"page","link":"http:\/\/myyalova.com\/site\/iletisim\/","title":{"rendered":"\u0130leti\u015fim"},"content":{"rendered":"<p>Y\u00d6NET\u0130M MERKEZ\u0130:<\/p>\n<p>Fevzi \u00c7akmak Mh. Merih Sk. No:3\/3 Merkez\/YALOVA<\/p>\n<p>0226 813 32 92<\/p>\n","protected":false},"excerpt":{"rendered":"<p>Y\u00d6NET\u0130M MERKEZ\u0130: Fevzi \u00c7akmak Mh. Merih Sk. No:3\/3 Merkez\/YALOVA 0226 813 32 92<\/p>\n","protected":false},"author":1,"featured_media":0,"parent":0,"menu_order":0,"comment_status":"closed","ping_status":"closed","template":"","meta":{"_mi_skip_tracking":false,"footnotes":""},"_links":{"self":[{"href":"http:\/\/myyalova.com\/site\/wp-json\/wp\/v2\/pages\/2"}],"collection":[{"href":"http:\/\/myyalova.com\/site\/wp-json\/wp\/v2\/pages"}],"about":[{"href":"http:\/\/myyalova.com\/site\/wp-json\/wp\/v2\/types\/page"}],"author":[{"embeddable":true,"href":"http:\/\/myyalova.com\/site\/wp-json\/wp\/v2\/users\/1"}],"replies":[{"embeddable":true,"href":"http:\/\/myyalova.com\/site\/wp-json\/wp\/v2\/comments?post=2"}],"version-history":[{"count":4,"href":"http:\/\/myyalova.com\/site\/wp-json\/wp\/v2\/pages\/2\/revisions"}],"predecessor-version":[{"id":2508,"href":"http:\/\/myyalova.com\/site\/wp-json\/wp\/v2\/pages\/2\/revisions\/2508"}],"wp:attachment":[{"href":"http:\/\/myyalova.com\/site\/wp-json\/wp\/v2\/media?parent=2"}],"curies":[{"name":"wp","href":"https:\/\/api.w.org\/{rel}","templated":true}]}}